{"id":589,"date":"2018-10-13T10:13:07","date_gmt":"2018-10-13T10:13:07","guid":{"rendered":"https:\/\/demo.themefreesia.com\/cocktail\/?page_id=589"},"modified":"2020-12-17T13:20:48","modified_gmt":"2020-12-17T10:20:48","slug":"hakkimizda","status":"publish","type":"page","link":"http:\/\/www.lavidanismanlik.com.tr\/?page_id=589","title":{"rendered":"Hakk\u0131m\u0131zda"},"content":{"rendered":"<p>Genel anlamda, dan\u0131\u015fanlar\u0131n hayal d\u00fcnyas\u0131n\u0131 bir ara\u00e7 olarak kullanan psikolojik bir tedavi ve destek y\u00f6nteminden faydalanarak, ki\u015filerin g\u00fcnl\u00fck streslerini, endi\u015felerini ve atlatmaya \u00e7al\u0131\u015ft\u0131klar\u0131 travmatik olaylar\u0131n etkilerini azaltmalar\u0131na yard\u0131mc\u0131 olmay\u0131 hedefliyorum.<span class=\"Apple-converted-space\">&nbsp;<\/span><\/p>\n<p>Ald\u0131\u011f\u0131m e\u011fitim s\u00fcresince deneyimledi\u011fim ve \u00e7ok etkileyici buldu\u011fum sanatla terapi y\u00f6nteminin hem kendi deneyimimden hem de ge\u00e7mi\u015fte \u00e7al\u0131\u015ft\u0131\u011f\u0131m gruplar \u00fczerinde g\u00f6zlemledi\u011fim olumlu etkilerinden yola \u00e7\u0131karak sanat\u0131n iyile\u015ftirici ve yarat\u0131c\u0131 g\u00fcc\u00fcn\u00fcn daha \u00e7ok ve farkl\u0131 alanda kullan\u0131lmas\u0131n\u0131 ama\u00e7lamaktay\u0131m.<span class=\"Apple-converted-space\">&nbsp;<\/span><\/p>\n<p>Lavi E\u011fitim ve Dan\u0131\u015fmanl\u0131k olarak; \u00e7al\u0131\u015fmalar\u0131m\u0131zda sanatla terapi tekniklerini kullanarak<span class=\"Apple-converted-space\">&nbsp; <\/span>birey ve kurumlar\u0131n ihtiyac\u0131na y\u00f6nelik \u00e7e\u015fitli e\u011fitim ve at\u00f6lyelerle hizmet vermekteyiz.<\/p>\n\n\n<h5 class=\"wp-block-heading\"><strong>Buket CANAN D\u0130N\u00c7ELL\u0130&nbsp;<\/strong><\/h5>\n\n\n\n<p>1982 y\u0131l\u0131nda Malatya\u2019da do\u011fmu\u015ftur. Y\u00fcksek lisans e\u011fitimini; 2008 y\u0131l\u0131nda Abant \u0130zzet Baysal \u00dcniversitesi Sa\u011fl\u0131k Bilimleri Enstit\u00fcs\u00fc Psikiyatri Hem\u015fireli\u011fi b\u00f6l\u00fcm\u00fcnde \u201cPsikoz Servislerinde Yatan Hastalar\u0131n ve Yak\u0131nlar\u0131n\u0131n Basamakl\u0131 Tedavi Sistemi (Token Ekonomi) \u0130le \u0130lgili G\u00f6r\u00fc\u015f ve \u00d6nerileri\u201d ba\u015fl\u0131kl\u0131 tez ile tamamlam\u0131\u015ft\u0131r. Tez \u00e7al\u0131\u015fmas\u0131yla 2008&nbsp; XV.Ulusal Sosyal Psikiyatri Kongresi\u2019nde En \u0130yi Poster Bildiri \u0130kincilik \u00d6d\u00fcl\u00fcn\u00fc alm\u0131\u015ft\u0131r.&nbsp;<\/p>\n\n\n\n<p>2006 y\u0131l\u0131nda Ankara \u00dcniversitesi Pisikiyatri Klini\u011fi\u2019nde ba\u015flad\u0131\u011f\u0131 \u00e7al\u0131\u015fma hayat\u0131na 2007 y\u0131l\u0131ndan sonra Erenk\u00f6y Ruh ve Sinir Hastal\u0131klar\u0131 E\u011fitim ve Ara\u015ft\u0131rma Hastanesi\u2019nde devam etmi\u015ftir. 2012-2015 y\u0131llar\u0131 aras\u0131nda Psikoterapi Merkezi\u2019nde sanatla terapi, sinema&nbsp; terapi, etkile\u015fim gruplar\u0131 gibi \u00e7e\u015fitli grup terapilerinde terapist ve koterapist olarak yer alm\u0131\u015f, 2015-2016 y\u0131llar\u0131 aras\u0131nda AMATEM klini\u011finde sinema destekli terapi gruplar\u0131; psikoz servislerinde yatan hastalarla sanatla terapi gruplar\u0131 yapm\u0131\u015ft\u0131r. 2016-2018 y\u0131llar\u0131 aras\u0131nda Amatem servisine ba\u011fl\u0131 Dan-Te Alkol ve Madde Ba\u011f\u0131ml\u0131l\u0131\u011f\u0131 Dan\u0131\u015fmanl\u0131k ve Tedavi Merkezi\u2019nde bireysel ve grup terapisi \u00e7al\u0131\u015fmalar\u0131n\u0131 s\u00fcrd\u00fcrm\u00fc\u015ft\u00fcr. 2010 y\u0131l\u0131nda ba\u015flad\u0131\u011f\u0131 Uluda\u011f \u00dcniversitesi Psikiyatri Ana Bilim Dal\u0131 ile Aura Psikoterapi Sanatla Tedavi ve E\u011fitim Merkezi ortakl\u0131\u011f\u0131nda y\u00fcr\u00fct\u00fclen sanatla terapi ve yarat\u0131c\u0131l\u0131k e\u011fitimini bitirmi\u015f olup tez a\u015famas\u0131ndad\u0131r.<\/p>\n\n\n\n<p><strong>Ald\u0131\u011f\u0131m E\u011fitimler<\/strong><\/p>\n\n\n\n<p><strong>07-11 Mart 2016<\/strong> Madde Ba\u011f\u0131ml\u0131l\u0131\u011f\u0131nda Yap\u0131land\u0131r\u0131lm\u0131\u015f Psiko-Sosyal M\u00fcdahale E\u011fitimi &#8211; Akka Antedon Hotel &#8211; Beldibi, Antalya<\/p>\n\n\n\n<p><strong>2013-2015<\/strong> Analitik Y\u00f6nelimli Grup S\u00fcpervizyonlar\u0131 &#8211; Klinik Psikolog \/ Psikoterapist Yavuz Erten, Prof. Dr. \/ Psikanalist Mine \u00d6zmen, Klinik Psikolog \/ Psikanalist Bella Habip &#8211; Erenk\u00f6y Psikoterapi Merkezi, \u0130stanbul <\/p>\n\n\n\n<p><strong>2012-2013<\/strong> Psikodinamik Y\u00f6nelimli Psikoterapi E\u011fitimi &#8211; Prof. Dr. Do\u011fan \u015eahin-Point Hotel, \u0130stanbul<\/p>\n\n\n\n<p><strong>2012-2013<\/strong> Etkile\u015fim Gruplar\u0131 E\u011fitim ve S\u00fcpervizyonu, Do\u00e7. Dr. Celal Oda\u011f &#8211; Erenk\u00f6y Psikoterapi Merkezi, \u0130stanbul<\/p>\n\n\n\n<p><strong>2011-2012<\/strong> Madde Ba\u011f\u0131ml\u0131l\u0131\u011f\u0131 Tedavisinde G\u00f6rev Alacak Personelin Sertifika E\u011fitim Program\u0131 &#8211; Bak\u0131rk\u00f6y Ruh ve Sinir Hastal\u0131klar\u0131 E\u011fitim ve Ara\u015ft\u0131rma Hastanesi, \u0130stanbul<\/p>\n\n\n\n<p><strong>2010-halen<\/strong> Sanatla Terapi ve Yarat\u0131c\u0131l\u0131k E\u011fitim ve S\u00fcpervizyonu &#8211; Aura Psikoterapi Sanatla Tedavi ve E\u011fitim Merkezi, \u0130stanbul<\/p>\n\n\n\n<div class=\"wp-block-media-text alignwide is-stacked-on-mobile\"><figure class=\"wp-block-media-text__media\"><img decoding=\"async\" loading=\"lazy\" width=\"400\" height=\"572\" src=\"http:\/\/www.lavidanismanlik.com.tr\/wp-content\/uploads\/2020\/09\/Lavi-1-2.jpg\" alt=\"\" class=\"wp-image-1049\" srcset=\"http:\/\/www.lavidanismanlik.com.tr\/wp-content\/uploads\/2020\/09\/Lavi-1-2.jpg 400w, http:\/\/www.lavidanismanlik.com.tr\/wp-content\/uploads\/2020\/09\/Lavi-1-2-210x300.jpg 210w\" sizes=\"(max-width: 400px) 100vw, 400px\" \/><\/figure><div class=\"wp-block-media-text__content\">\n<h5 class=\"wp-block-heading\"><strong>Lavi<\/strong><\/h5>\n\n\n\n<p>Lavi; sulu boya tekni\u011fine yak\u0131n, suland\u0131r\u0131lm\u0131\u015f tek renkle ya da \u00e7ini m\u00fcrekkeple, \u00f6zel bir ka\u011f\u0131t \u00fczerine sivri u\u00e7lu f\u0131r\u00e7alarla yap\u0131lan resim \u00e7al\u0131\u015fmalar\u0131na verilen add\u0131r.&nbsp;<\/p>\n\n\n\n<p>Hayat anlam\u0131na da gelen Lavi; sanatla terapi e\u011fitimine ilk ba\u015flad\u0131\u011f\u0131m d\u00f6nemde yapt\u0131\u011f\u0131m\u0131z uygulamalardan birisiydi. Boyan\u0131n suyla ak\u0131\u015f\u0131 bana hayat\u0131n ak\u0131\u015f\u0131n\u0131 \u00e7a\u011fr\u0131\u015ft\u0131rm\u0131\u015f; ortaya \u00e7\u0131kan birbirinden farkl\u0131 resimler hepimizin farkl\u0131 bir hikayesi oldu\u011funu hat\u0131rlatm\u0131\u015ft\u0131 ve bana kendi hikayemi ger\u00e7ekle\u015ftirme cesaretini verdi.&nbsp;<\/p>\n\n\n\n<p>Suyun ve ak\u0131\u015fkanl\u0131\u011f\u0131n psikoloji ve felsefede de pek \u00e7ok ilham verici kar\u015f\u0131l\u0131\u011f\u0131 bulunmaktad\u0131r. \u00d6rne\u011fin; Taoistlere g\u00f6re t\u0131pk\u0131 i\u00e7imizdeki yap\u0131c\u0131 ve y\u0131k\u0131c\u0131 taraflar gibi \u201csu akar ama y\u0131kabilir de&#8230;\u201d<\/p>\n\n\n\n<p>Japon bilim adam\u0131 Masaru Emoto ise Suyun Gizli Mesaj\u0131 adl\u0131 kitab\u0131nda \u201csu canl\u0131d\u0131r ve duygular\u0131 alg\u0131layan kristallerden olu\u015fur. Su, \u00e7evresindeki pozitif ve negatif ilgileri kaydeder ve tepki verir. Su herhangi bir madde de\u011fil, muhte\u015fem do\u011fan\u0131n ya\u015fam g\u00fcc\u00fcd\u00fcr\u201d diyor. Suyun bu niteliklerinin size de ilham vermesi dile\u011fiyle.&nbsp;<\/p>\n<\/div><\/div>\n\n\n\n<p><\/p>\n\n\n\n<div class=\"wp-block-media-text alignwide is-stacked-on-mobile\"><figure class=\"wp-block-media-text__media\"><img decoding=\"async\" loading=\"lazy\" width=\"1024\" height=\"1024\" src=\"http:\/\/www.lavidanismanlik.com.tr\/wp-content\/uploads\/2020\/09\/Logo-1-1024x1024.jpg\" alt=\"\" class=\"wp-image-1050\" srcset=\"http:\/\/www.lavidanismanlik.com.tr\/wp-content\/uploads\/2020\/09\/Logo-1-1024x1024.jpg 1024w, http:\/\/www.lavidanismanlik.com.tr\/wp-content\/uploads\/2020\/09\/Logo-1-300x300.jpg 300w, http:\/\/www.lavidanismanlik.com.tr\/wp-content\/uploads\/2020\/09\/Logo-1-150x150.jpg 150w, http:\/\/www.lavidanismanlik.com.tr\/wp-content\/uploads\/2020\/09\/Logo-1-768x768.jpg 768w, http:\/\/www.lavidanismanlik.com.tr\/wp-content\/uploads\/2020\/09\/Logo-1-1536x1536.jpg 1536w, http:\/\/www.lavidanismanlik.com.tr\/wp-content\/uploads\/2020\/09\/Logo-1-75x75.jpg 75w, http:\/\/www.lavidanismanlik.com.tr\/wp-content\/uploads\/2020\/09\/Logo-1.jpg 1654w\" sizes=\"(max-width: 1024px) 100vw, 1024px\" \/><\/figure><div class=\"wp-block-media-text__content\">\n<h5 class=\"wp-block-heading\"><strong>Logomuz<\/strong><\/h5>\n\n\n\n<p>Sanat, beynin mant\u0131ksal d\u00fc\u015f\u00fcnme ve dil becerileri gerektiren alanlar\u0131yla birlikte uzamsal fark\u0131ndal\u0131\u011f\u0131 ve duygulan\u0131m\u0131 destekleyen alanlar\u0131n\u0131n bir arada etkin bir \u015fekilde kullan\u0131lmas\u0131n\u0131 sa\u011flayan etkinlikler i\u00e7ermektedir. Dolay\u0131s\u0131yla, d\u00fczenli olarak yarat\u0131c\u0131 ifade i\u00e7eren sanat etkinlikleriyle u\u011fra\u015fmak; \u00e7ocuklar\u0131n fiziksel, bili\u015fsel, sosyal ve duygusal geli\u015fimini bir b\u00fct\u00fcn olarak desteklerken beyin geli\u015fimine de katk\u0131da bulunmaktad\u0131r.&nbsp;<\/p>\n\n\n\n<p>Sanat\u0131n \u00e7ocuklar \u00fczerindeki bu olumlu etkilerinden yola \u00e7\u0131karak 2,5 ya\u015f\u0131ndaki o\u011flumu da bebeklikten itibaren sanatla tan\u0131\u015ft\u0131rd\u0131m. \u00d6zellikle evlere kapand\u0131\u011f\u0131m\u0131z pandemi s\u00fcrecinde sulu, parmak ve pastel boyalarla&nbsp; pek \u00e7ok resim yapt\u0131. Lavi\u2019nin logosu olan ku\u015f da Deniz\u2019in bu \u00e7iziminden geli\u015ftirildi.<\/p>\n<\/div><\/div>\n\n\n\n<p><\/p>\n","protected":false},"excerpt":{"rendered":"<p>Genel anlamda, dan\u0131\u015fanlar\u0131n hayal d\u00fcnyas\u0131n\u0131 bir ara\u00e7 olarak kullanan psikolojik bir tedavi ve destek y\u00f6nteminden faydalanarak, ki\u015filerin g\u00fcnl\u00fck streslerini, endi\u015felerini ve atlatmaya \u00e7al\u0131\u015ft\u0131klar\u0131 travmatik olaylar\u0131n<a href=\"http:\/\/www.lavidanismanlik.com.tr\/?page_id=589\" class=\"more-link\"><span class=\"screen-reader-text\"> &#8220;Hakk\u0131m\u0131zda&#8221;<\/span><\/a><\/p>\n","protected":false},"author":1,"featured_media":717,"parent":0,"menu_order":0,"comment_status":"closed","ping_status":"closed","template":"","meta":{"_vp_format_video_url":"","_vp_image_focal_point":[]},"_links":{"self":[{"href":"http:\/\/www.lavidanismanlik.com.tr\/index.php?rest_route=\/wp\/v2\/pages\/589"}],"collection":[{"href":"http:\/\/www.lavidanismanlik.com.tr\/index.php?rest_route=\/wp\/v2\/pages"}],"about":[{"href":"http:\/\/www.lavidanismanlik.com.tr\/index.php?rest_route=\/wp\/v2\/types\/page"}],"author":[{"embeddable":true,"href":"http:\/\/www.lavidanismanlik.com.tr\/index.php?rest_route=\/wp\/v2\/users\/1"}],"replies":[{"embeddable":true,"href":"http:\/\/www.lavidanismanlik.com.tr\/index.php?rest_route=%2Fwp%2Fv2%2Fcomments&post=589"}],"version-history":[{"count":10,"href":"http:\/\/www.lavidanismanlik.com.tr\/index.php?rest_route=\/wp\/v2\/pages\/589\/revisions"}],"predecessor-version":[{"id":1707,"href":"http:\/\/www.lavidanismanlik.com.tr\/index.php?rest_route=\/wp\/v2\/pages\/589\/revisions\/1707"}],"wp:featuredmedia":[{"embeddable":true,"href":"http:\/\/www.lavidanismanlik.com.tr\/index.php?rest_route=\/wp\/v2\/media\/717"}],"wp:attachment":[{"href":"http:\/\/www.lavidanismanlik.com.tr\/index.php?rest_route=%2Fwp%2Fv2%2Fmedia&parent=589"}],"curies":[{"name":"wp","href":"https:\/\/api.w.org\/{rel}","templated":true}]}}

Hakkımızda

<p>Genel anlamda, danışanların hayal dünyasını bir araç olarak kullanan psikolojik bir tedavi ve destek yönteminden faydalanarak, kişilerin günlük streslerini, endişelerini ve atlatmaya çalıştıkları travmatik olayların etkilerini azaltmalarına yardımcı olmayı hedefliyorum.<span class="Apple-converted-space">&nbsp;</span></p>
<p>Aldığım eğitim süresince deneyimlediğim ve çok etkileyici bulduğum sanatla terapi yönteminin hem kendi deneyimimden hem de geçmişte çalıştığım gruplar üzerinde gözlemlediğim olumlu etkilerinden yola çıkarak sanatın iyileştirici ve yaratıcı gücünün daha çok ve farklı alanda kullanılmasını amaçlamaktayım.<span class="Apple-converted-space">&nbsp;</span></p>
<p>Lavi Eğitim ve Danışmanlık olarak; çalışmalarımızda sanatla terapi tekniklerini kullanarak<span class="Apple-converted-space">&nbsp; </span>birey ve kurumların ihtiyacına yönelik çeşitli eğitim ve atölyelerle hizmet vermekteyiz.</p>


<h5 class="wp-block-heading"><strong>Buket CANAN DİNÇELLİ&nbsp;</strong></h5>



<p>1982 yılında Malatya’da doğmuştur. Yüksek lisans eğitimini; 2008 yılında Abant İzzet Baysal Üniversitesi Sağlık Bilimleri Enstitüsü Psikiyatri Hemşireliği bölümünde “Psikoz Servislerinde Yatan Hastaların ve Yakınlarının Basamaklı Tedavi Sistemi (Token Ekonomi) İle İlgili Görüş ve Önerileri” başlıklı tez ile tamamlamıştır. Tez çalışmasıyla 2008&nbsp; XV.Ulusal Sosyal Psikiyatri Kongresi’nde En İyi Poster Bildiri İkincilik Ödülünü almıştır.&nbsp;</p>



<p>2006 yılında Ankara Üniversitesi Pisikiyatri Kliniği’nde başladığı çalışma hayatına 2007 yılından sonra Erenköy Ruh ve Sinir Hastalıkları Eğitim ve Araştırma Hastanesi’nde devam etmiştir. 2012-2015 yılları arasında Psikoterapi Merkezi’nde sanatla terapi, sinema&nbsp; terapi, etkileşim grupları gibi çeşitli grup terapilerinde terapist ve koterapist olarak yer almış, 2015-2016 yılları arasında AMATEM kliniğinde sinema destekli terapi grupları; psikoz servislerinde yatan hastalarla sanatla terapi grupları yapmıştır. 2016-2018 yılları arasında Amatem servisine bağlı Dan-Te Alkol ve Madde Bağımlılığı Danışmanlık ve Tedavi Merkezi’nde bireysel ve grup terapisi çalışmalarını sürdürmüştür. 2010 yılında başladığı Uludağ Üniversitesi Psikiyatri Ana Bilim Dalı ile Aura Psikoterapi Sanatla Tedavi ve Eğitim Merkezi ortaklığında yürütülen sanatla terapi ve yaratıcılık eğitimini bitirmiş olup tez aşamasındadır.</p>



<p><strong>Aldığım Eğitimler</strong></p>



<p><strong>07-11 Mart 2016</strong> Madde Bağımlılığında Yapılandırılmış Psiko-Sosyal Müdahale Eğitimi &#8211; Akka Antedon Hotel &#8211; Beldibi, Antalya</p>



<p><strong>2013-2015</strong> Analitik Yönelimli Grup Süpervizyonları &#8211; Klinik Psikolog / Psikoterapist Yavuz Erten, Prof. Dr. / Psikanalist Mine Özmen, Klinik Psikolog / Psikanalist Bella Habip &#8211; Erenköy Psikoterapi Merkezi, İstanbul </p>



<p><strong>2012-2013</strong> Psikodinamik Yönelimli Psikoterapi Eğitimi &#8211; Prof. Dr. Doğan Şahin-Point Hotel, İstanbul</p>



<p><strong>2012-2013</strong> Etkileşim Grupları Eğitim ve Süpervizyonu, Doç. Dr. Celal Odağ &#8211; Erenköy Psikoterapi Merkezi, İstanbul</p>



<p><strong>2011-2012</strong> Madde Bağımlılığı Tedavisinde Görev Alacak Personelin Sertifika Eğitim Programı &#8211; Bakırköy Ruh ve Sinir Hastalıkları Eğitim ve Araştırma Hastanesi, İstanbul</p>



<p><strong>2010-halen</strong> Sanatla Terapi ve Yaratıcılık Eğitim ve Süpervizyonu &#8211; Aura Psikoterapi Sanatla Tedavi ve Eğitim Merkezi, İstanbul</p>



<div class="wp-block-media-text alignwide is-stacked-on-mobile"><figure class="wp-block-media-text__media"><img decoding="async" loading="lazy" width="400" height="572" src="http://www.lavidanismanlik.com.tr/wp-content/uploads/2020/09/Lavi-1-2.jpg" alt="" class="wp-image-1049" srcset="http://www.lavidanismanlik.com.tr/wp-content/uploads/2020/09/Lavi-1-2.jpg 400w, http://www.lavidanismanlik.com.tr/wp-content/uploads/2020/09/Lavi-1-2-210x300.jpg 210w" sizes="(max-width: 400px) 100vw, 400px" /></figure><div class="wp-block-media-text__content">
<h5 class="wp-block-heading"><strong>Lavi</strong></h5>



<p>Lavi; sulu boya tekniğine yakın, sulandırılmış tek renkle ya da çini mürekkeple, özel bir kağıt üzerine sivri uçlu fırçalarla yapılan resim çalışmalarına verilen addır.&nbsp;</p>



<p>Hayat anlamına da gelen Lavi; sanatla terapi eğitimine ilk başladığım dönemde yaptığımız uygulamalardan birisiydi. Boyanın suyla akışı bana hayatın akışını çağrıştırmış; ortaya çıkan birbirinden farklı resimler hepimizin farklı bir hikayesi olduğunu hatırlatmıştı ve bana kendi hikayemi gerçekleştirme cesaretini verdi.&nbsp;</p>



<p>Suyun ve akışkanlığın psikoloji ve felsefede de pek çok ilham verici karşılığı bulunmaktadır. Örneğin; Taoistlere göre tıpkı içimizdeki yapıcı ve yıkıcı taraflar gibi “su akar ama yıkabilir de&#8230;”</p>



<p>Japon bilim adamı Masaru Emoto ise Suyun Gizli Mesajı adlı kitabında “su canlıdır ve duyguları algılayan kristallerden oluşur. Su, çevresindeki pozitif ve negatif ilgileri kaydeder ve tepki verir. Su herhangi bir madde değil, muhteşem doğanın yaşam gücüdür” diyor. Suyun bu niteliklerinin size de ilham vermesi dileğiyle.&nbsp;</p>
</div></div>



<p></p>



<div class="wp-block-media-text alignwide is-stacked-on-mobile"><figure class="wp-block-media-text__media"><img decoding="async" loading="lazy" width="1024" height="1024" src="http://www.lavidanismanlik.com.tr/wp-content/uploads/2020/09/Logo-1-1024x1024.jpg" alt="" class="wp-image-1050" srcset="http://www.lavidanismanlik.com.tr/wp-content/uploads/2020/09/Logo-1-1024x1024.jpg 1024w, http://www.lavidanismanlik.com.tr/wp-content/uploads/2020/09/Logo-1-300x300.jpg 300w, http://www.lavidanismanlik.com.tr/wp-content/uploads/2020/09/Logo-1-150x150.jpg 150w, http://www.lavidanismanlik.com.tr/wp-content/uploads/2020/09/Logo-1-768x768.jpg 768w, http://www.lavidanismanlik.com.tr/wp-content/uploads/2020/09/Logo-1-1536x1536.jpg 1536w, http://www.lavidanismanlik.com.tr/wp-content/uploads/2020/09/Logo-1-75x75.jpg 75w, http://www.lavidanismanlik.com.tr/wp-content/uploads/2020/09/Logo-1.jpg 1654w" sizes="(max-width: 1024px) 100vw, 1024px" /></figure><div class="wp-block-media-text__content">
<h5 class="wp-block-heading"><strong>Logomuz</strong></h5>



<p>Sanat, beynin mantıksal düşünme ve dil becerileri gerektiren alanlarıyla birlikte uzamsal farkındalığı ve duygulanımı destekleyen alanlarının bir arada etkin bir şekilde kullanılmasını sağlayan etkinlikler içermektedir. Dolayısıyla, düzenli olarak yaratıcı ifade içeren sanat etkinlikleriyle uğraşmak; çocukların fiziksel, bilişsel, sosyal ve duygusal gelişimini bir bütün olarak desteklerken beyin gelişimine de katkıda bulunmaktadır.&nbsp;</p>



<p>Sanatın çocuklar üzerindeki bu olumlu etkilerinden yola çıkarak 2,5 yaşındaki oğlumu da bebeklikten itibaren sanatla tanıştırdım. Özellikle evlere kapandığımız pandemi sürecinde sulu, parmak ve pastel boyalarla&nbsp; pek çok resim yaptı. Lavi’nin logosu olan kuş da Deniz’in bu çiziminden geliştirildi.</p>
</div></div>



<p></p>

<p>Genel anlamda, danışanların hayal dünyasını bir araç olarak kullanan psikolojik bir tedavi ve destek yönteminden faydalanarak, kişilerin günlük streslerini, endişelerini ve atlatmaya çalıştıkları travmatik olayların<a href="http://www.lavidanismanlik.com.tr/?page_id=589" class="more-link"><span class="screen-reader-text"> &#8220;Hakkımızda&#8221;</span></a></p>
