{"id":1003,"date":"2020-09-24T19:56:35","date_gmt":"2020-09-24T19:56:35","guid":{"rendered":"http:\/\/www.lavidanismanlik.com.tr\/?page_id=1003"},"modified":"2020-10-28T14:42:40","modified_gmt":"2020-10-28T11:42:40","slug":"oneriler","status":"publish","type":"page","link":"http:\/\/www.lavidanismanlik.com.tr\/?page_id=1003","title":{"rendered":"\u00d6neriler"},"content":{"rendered":"\t\t<div class=\"bdp-list-main bdp-design-1 bdp-clearfix\">\r\n\t\t\t<div class=\"bdp-post-list bdp-clearfix\">\r\n\t<div class=\"bdp-post-list-content\">\r\n\t\t\t\t<div class=\"bdp-medium-6 bdp-columns\">\r\n\t\t\t<div class=\"bdp-post-image-bg\">\r\n\t\t\t\t<a href=\"http:\/\/www.lavidanismanlik.com.tr\/?p=2133\">\r\n\t\t\t\t\t<img src=\"http:\/\/www.lavidanismanlik.com.tr\/wp-content\/uploads\/2023\/01\/2190150B-075E-44CD-A0CA-6A349E09E4BE-1024x1024.jpg\" alt=\"Zor Bir G\u00fcn Ge\u00e7irmi\u015f Minikler \u0130\u00e7in \u00dc\u00e7 Kitap \u00d6nerisi\" \/>\r\n\t\t\t\t<\/a>\r\n\t\t\t<\/div>\r\n\t\t<\/div>\r\n\t\t\t\t<div class=\"bdp-medium-6 bdp-columns\">\r\n\t\t\t\t\t\t<div class=\"bdp-post-categories\">\r\n\t\t\t\t<a href=\"http:\/\/www.lavidanismanlik.com.tr\/?cat=27\">Blog<\/a> <a href=\"http:\/\/www.lavidanismanlik.com.tr\/?cat=63\">\u00c7ocuk Kitap<\/a>\t\t\t<\/div>\r\n\t\t\t\r\n\t\t\t<h2 class=\"bdp-post-title\">\r\n\t\t\t\t<a href=\"http:\/\/www.lavidanismanlik.com.tr\/?p=2133\">Zor Bir G\u00fcn Ge\u00e7irmi\u015f Minikler \u0130\u00e7in \u00dc\u00e7 Kitap \u00d6nerisi<\/a>\r\n\t\t\t<\/h2>\r\n\t\t\t\t\r\n\t\t\t\t\t\t<div class=\"bdp-post-meta-innr bdp-post-meta\">\r\n\t\t\t\t\t\t\t\t<span class=\"bdp-post-meta-innr bdp-time\">17 Ocak 2023<\/span>\r\n\t\t\t\t\t\t\t<\/div>\r\n\t\t\t\t\t\t<div class=\"bdp-post-content\">\r\n\t\t\t\t<div class=\"bdp-post-short-content\">G\u00fcn i\u00e7erisinde aksilikler ya\u015fam\u0131\u015f, duygu kab\u0131 ak\u015fama kadar pek \u00e7ok \u015feyle dolmu\u015f, size yani g\u00fcvenli alan\u0131na kavu\u015ftu\u011funda olur olmaz her...<\/div>\r\n\t\t\t\t\t\t\t<\/div>\r\n\t\t\t\t\t\t<div class=\"bdp-post-tags\"> <a href=\"http:\/\/www.lavidanismanlik.com.tr\/?tag=ciko-zorbalikla-bas-ediyor\" rel=\"tag\">\u00c7iko Zorbal\u0131kla Ba\u015f Ediyor<\/a>, <a href=\"http:\/\/www.lavidanismanlik.com.tr\/?tag=cocuk-kitaplari\" rel=\"tag\">\u00c7ocuk Kitaplar\u0131<\/a>, <a href=\"http:\/\/www.lavidanismanlik.com.tr\/?tag=iste-oyle-bir-gun\" rel=\"tag\">\u0130\u015fte \u00d6yle Bir G\u00fcn<\/a>, <a href=\"http:\/\/www.lavidanismanlik.com.tr\/?tag=uzuldugum-zaman\" rel=\"tag\">\u00dcz\u00fcld\u00fc\u011f\u00fcm Zaman<\/a><\/div>\r\n\t\t\t\t\t<\/div>\r\n\t<\/div>\r\n<\/div><div class=\"bdp-post-list bdp-clearfix\">\r\n\t<div class=\"bdp-post-list-content\">\r\n\t\t\t\t<div class=\"bdp-medium-6 bdp-columns\">\r\n\t\t\t<div class=\"bdp-post-image-bg\">\r\n\t\t\t\t<a href=\"http:\/\/www.lavidanismanlik.com.tr\/?p=2000\">\r\n\t\t\t\t\t<img src=\"http:\/\/www.lavidanismanlik.com.tr\/wp-content\/uploads\/2021\/05\/Parazit_2019.jpg\" alt=\"Parazit \/ Parasite (2019)\u2063\" \/>\r\n\t\t\t\t<\/a>\r\n\t\t\t<\/div>\r\n\t\t<\/div>\r\n\t\t\t\t<div class=\"bdp-medium-6 bdp-columns\">\r\n\t\t\t\t\t\t<div class=\"bdp-post-categories\">\r\n\t\t\t\t<a href=\"http:\/\/www.lavidanismanlik.com.tr\/?cat=54\">Film<\/a> <a href=\"http:\/\/www.lavidanismanlik.com.tr\/?cat=83\">\u00d6neriler<\/a>\t\t\t<\/div>\r\n\t\t\t\r\n\t\t\t<h2 class=\"bdp-post-title\">\r\n\t\t\t\t<a href=\"http:\/\/www.lavidanismanlik.com.tr\/?p=2000\">Parazit \/ Parasite (2019)\u2063<\/a>\r\n\t\t\t<\/h2>\r\n\t\t\t\t\r\n\t\t\t\t\t\t<div class=\"bdp-post-meta-innr bdp-post-meta\">\r\n\t\t\t\t\t\t\t\t<span class=\"bdp-post-meta-innr bdp-time\">24 May\u0131s 2021<\/span>\r\n\t\t\t\t\t\t\t<\/div>\r\n\t\t\t\t\t\t<div class=\"bdp-post-content\">\r\n\t\t\t\t<div class=\"bdp-post-short-content\">\u201c-Hangi plan asla ters gitmez biliyor musun?\u2063 -Hangi plan baba?\u2063 -Olmayan plan. Neden biliyor musun?\u2063 -\u00c7\u00fcnk\u00fc sen ne plan yaparsan...<\/div>\r\n\t\t\t\t\t\t\t<\/div>\r\n\t\t\t\t\t\t<div class=\"bdp-post-tags\"> <a href=\"http:\/\/www.lavidanismanlik.com.tr\/?tag=film-onerisi\" rel=\"tag\">Film \u00d6nerisi<\/a><\/div>\r\n\t\t\t\t\t<\/div>\r\n\t<\/div>\r\n<\/div><div class=\"bdp-post-list bdp-clearfix\">\r\n\t<div class=\"bdp-post-list-content\">\r\n\t\t\t\t<div class=\"bdp-medium-6 bdp-columns\">\r\n\t\t\t<div class=\"bdp-post-image-bg\">\r\n\t\t\t\t<a href=\"http:\/\/www.lavidanismanlik.com.tr\/?p=1997\">\r\n\t\t\t\t\t<img src=\"http:\/\/www.lavidanismanlik.com.tr\/wp-content\/uploads\/2021\/05\/Bulbulu-Oldurmek.jpg\" alt=\"B\u00fclb\u00fcl\u00fc \u00d6ld\u00fcrmek &#8211; Harper Lee (1960)\" \/>\r\n\t\t\t\t<\/a>\r\n\t\t\t<\/div>\r\n\t\t<\/div>\r\n\t\t\t\t<div class=\"bdp-medium-6 bdp-columns\">\r\n\t\t\t\t\t\t<div class=\"bdp-post-categories\">\r\n\t\t\t\t<a href=\"http:\/\/www.lavidanismanlik.com.tr\/?cat=44\">Kitap<\/a> <a href=\"http:\/\/www.lavidanismanlik.com.tr\/?cat=83\">\u00d6neriler<\/a>\t\t\t<\/div>\r\n\t\t\t\r\n\t\t\t<h2 class=\"bdp-post-title\">\r\n\t\t\t\t<a href=\"http:\/\/www.lavidanismanlik.com.tr\/?p=1997\">B\u00fclb\u00fcl\u00fc \u00d6ld\u00fcrmek &#8211; Harper Lee (1960)<\/a>\r\n\t\t\t<\/h2>\r\n\t\t\t\t\r\n\t\t\t\t\t\t<div class=\"bdp-post-meta-innr bdp-post-meta\">\r\n\t\t\t\t\t\t\t\t<span class=\"bdp-post-meta-innr bdp-time\">24 May\u0131s 2021<\/span>\r\n\t\t\t\t\t\t\t<\/div>\r\n\t\t\t\t\t\t<div class=\"bdp-post-content\">\r\n\t\t\t\t<div class=\"bdp-post-short-content\">\u201cB\u00fclb\u00fcller yaln\u0131zca m\u00fczik \u00fcretirler, bizi e\u011flendirmek i\u00e7in. Bah\u00e7eleri ya\u011fmalamazlar, tarlalarda yuva yapmazlar. Yaln\u0131zca \u015fark\u0131 s\u00f6ylerler. Hem de y\u00fcrekleri paralanana dek....<\/div>\r\n\t\t\t\t\t\t\t<\/div>\r\n\t\t\t\t\t\t<div class=\"bdp-post-tags\"> <a href=\"http:\/\/www.lavidanismanlik.com.tr\/?tag=kitap\" rel=\"tag\">Kitap<\/a><\/div>\r\n\t\t\t\t\t<\/div>\r\n\t<\/div>\r\n<\/div><div class=\"bdp-post-list bdp-clearfix\">\r\n\t<div class=\"bdp-post-list-content\">\r\n\t\t\t\t<div class=\"bdp-medium-6 bdp-columns\">\r\n\t\t\t<div class=\"bdp-post-image-bg\">\r\n\t\t\t\t<a href=\"http:\/\/www.lavidanismanlik.com.tr\/?p=1993\">\r\n\t\t\t\t\t<img src=\"http:\/\/www.lavidanismanlik.com.tr\/wp-content\/uploads\/2021\/05\/Guz-sonati.jpg\" alt=\"G\u00fcz Sonat\u0131 \/ Autumn Sonata (1978)\" \/>\r\n\t\t\t\t<\/a>\r\n\t\t\t<\/div>\r\n\t\t<\/div>\r\n\t\t\t\t<div class=\"bdp-medium-6 bdp-columns\">\r\n\t\t\t\t\t\t<div class=\"bdp-post-categories\">\r\n\t\t\t\t<a href=\"http:\/\/www.lavidanismanlik.com.tr\/?cat=54\">Film<\/a> <a href=\"http:\/\/www.lavidanismanlik.com.tr\/?cat=83\">\u00d6neriler<\/a>\t\t\t<\/div>\r\n\t\t\t\r\n\t\t\t<h2 class=\"bdp-post-title\">\r\n\t\t\t\t<a href=\"http:\/\/www.lavidanismanlik.com.tr\/?p=1993\">G\u00fcz Sonat\u0131 \/ Autumn Sonata (1978)<\/a>\r\n\t\t\t<\/h2>\r\n\t\t\t\t\r\n\t\t\t\t\t\t<div class=\"bdp-post-meta-innr bdp-post-meta\">\r\n\t\t\t\t\t\t\t\t<span class=\"bdp-post-meta-innr bdp-time\">24 May\u0131s 2021<\/span>\r\n\t\t\t\t\t\t\t<\/div>\r\n\t\t\t\t\t\t<div class=\"bdp-post-content\">\r\n\t\t\t\t<div class=\"bdp-post-short-content\">\"K\u0131z\u0131n\u0131n mutsuzlu\u011fu annenin zaferi midir?\" G\u00fcz Sonat\u0131 \/ Autumn Sonata (1978)<\/div>\r\n\t\t\t\t\t\t\t<\/div>\r\n\t\t\t\t\t\t<div class=\"bdp-post-tags\"> <a href=\"http:\/\/www.lavidanismanlik.com.tr\/?tag=film-onerisi\" rel=\"tag\">Film \u00d6nerisi<\/a><\/div>\r\n\t\t\t\t\t<\/div>\r\n\t<\/div>\r\n<\/div><div class=\"bdp-post-list bdp-clearfix\">\r\n\t<div class=\"bdp-post-list-content\">\r\n\t\t\t\t<div class=\"bdp-medium-6 bdp-columns\">\r\n\t\t\t<div class=\"bdp-post-image-bg\">\r\n\t\t\t\t<a href=\"http:\/\/www.lavidanismanlik.com.tr\/?p=1990\">\r\n\t\t\t\t\t<img src=\"http:\/\/www.lavidanismanlik.com.tr\/wp-content\/uploads\/2021\/05\/0001738998001-1.jpg\" alt=\"U\u00e7up Giden Battaniye\" \/>\r\n\t\t\t\t<\/a>\r\n\t\t\t<\/div>\r\n\t\t<\/div>\r\n\t\t\t\t<div class=\"bdp-medium-6 bdp-columns\">\r\n\t\t\t\t\t\t<div class=\"bdp-post-categories\">\r\n\t\t\t\t<a href=\"http:\/\/www.lavidanismanlik.com.tr\/?cat=63\">\u00c7ocuk Kitap<\/a> <a href=\"http:\/\/www.lavidanismanlik.com.tr\/?cat=83\">\u00d6neriler<\/a>\t\t\t<\/div>\r\n\t\t\t\r\n\t\t\t<h2 class=\"bdp-post-title\">\r\n\t\t\t\t<a href=\"http:\/\/www.lavidanismanlik.com.tr\/?p=1990\">U\u00e7up Giden Battaniye<\/a>\r\n\t\t\t<\/h2>\r\n\t\t\t\t\r\n\t\t\t\t\t\t<div class=\"bdp-post-meta-innr bdp-post-meta\">\r\n\t\t\t\t\t\t\t\t<span class=\"bdp-post-meta-innr bdp-time\">24 May\u0131s 2021<\/span>\r\n\t\t\t\t\t\t\t<\/div>\r\n\t\t\t\t\t\t<div class=\"bdp-post-content\">\r\n\t\t\t\t<div class=\"bdp-post-short-content\">U\u00e7up Giden Battaniye; ayr\u0131lma kayg\u0131s\u0131 ya\u015fayan \u00e7ocuklar ve ebeveynler i\u00e7in harika bir kitap. Kaan\u2019\u0131n en sevdi\u011fi battaniyesi bir r\u00fczgarla u\u00e7up...<\/div>\r\n\t\t\t\t\t\t\t<\/div>\r\n\t\t\t\t\t\t<div class=\"bdp-post-tags\"> <a href=\"http:\/\/www.lavidanismanlik.com.tr\/?tag=cocuk-kitaplari\" rel=\"tag\">\u00c7ocuk Kitaplar\u0131<\/a>, <a href=\"http:\/\/www.lavidanismanlik.com.tr\/?tag=cocuklar-icin\" rel=\"tag\">\u00c7ocuklar \u0130\u00e7in<\/a><\/div>\r\n\t\t\t\t\t<\/div>\r\n\t<\/div>\r\n<\/div>\t\t<\/div>\t\t\r\n\t\t\t\t<div class=\"bdp-post-pagination bdp-clearfix\">\r\n\t\t\t<span aria-current=\"page\" class=\"page-numbers current\">1<\/span>\n<a class=\"page-numbers\" href=\"http:\/\/www.lavidanismanlik.com.tr\/index.php?rest_route=%2Fwp%2Fv2%2Fpages%2F1003&#038;paged=2\">2<\/a>\n<a class=\"page-numbers\" href=\"http:\/\/www.lavidanismanlik.com.tr\/index.php?rest_route=%2Fwp%2Fv2%2Fpages%2F1003&#038;paged=3\">3<\/a>\n<span class=\"page-numbers dots\">&hellip;<\/span>\n<a class=\"page-numbers\" href=\"http:\/\/www.lavidanismanlik.com.tr\/index.php?rest_route=%2Fwp%2Fv2%2Fpages%2F1003&#038;paged=13\">13<\/a>\n<a class=\"next page-numbers\" href=\"http:\/\/www.lavidanismanlik.com.tr\/index.php?rest_route=%2Fwp%2Fv2%2Fpages%2F1003&#038;paged=2\">Next &raquo;<\/a>\t\t<\/div>\r\n\t\t\n\n\n\n<p><\/p>\n","protected":false},"excerpt":{"rendered":"","protected":false},"author":1,"featured_media":0,"parent":0,"menu_order":0,"comment_status":"closed","ping_status":"closed","template":"","meta":{"_vp_format_video_url":"","_vp_image_focal_point":[]},"_links":{"self":[{"href":"http:\/\/www.lavidanismanlik.com.tr\/index.php?rest_route=\/wp\/v2\/pages\/1003"}],"collection":[{"href":"http:\/\/www.lavidanismanlik.com.tr\/index.php?rest_route=\/wp\/v2\/pages"}],"about":[{"href":"http:\/\/www.lavidanismanlik.com.tr\/index.php?rest_route=\/wp\/v2\/types\/page"}],"author":[{"embeddable":true,"href":"http:\/\/www.lavidanismanlik.com.tr\/index.php?rest_route=\/wp\/v2\/users\/1"}],"replies":[{"embeddable":true,"href":"http:\/\/www.lavidanismanlik.com.tr\/index.php?rest_route=%2Fwp%2Fv2%2Fcomments&post=1003"}],"version-history":[{"count":6,"href":"http:\/\/www.lavidanismanlik.com.tr\/index.php?rest_route=\/wp\/v2\/pages\/1003\/revisions"}],"predecessor-version":[{"id":1621,"href":"http:\/\/www.lavidanismanlik.com.tr\/index.php?rest_route=\/wp\/v2\/pages\/1003\/revisions\/1621"}],"wp:attachment":[{"href":"http:\/\/www.lavidanismanlik.com.tr\/index.php?rest_route=%2Fwp%2Fv2%2Fmedia&parent=1003"}],"curies":[{"name":"wp","href":"https:\/\/api.w.org\/{rel}","templated":true}]}}